c?
2
Let o(v) be the first derivative of v**2/2 - 5*v + 2. What is the units digit of o(6)?
1
Suppose 0 = -5*d + 99 + 11. What is the units digit of d?
2
Let v = 318 - 173. What is the tens digit of v?
4
Let q(s) = 6*s**2 + s - 1. Let a(b) = -b**2 - 5*b + 7. Let g be a(-6). Let r be q(g). Suppose 18 = 3*o + c, o - r + 0 = -4*c. What is the units digit of o?
6
Suppose 0*b + 5*t = -b - 10, 0 = -b + t + 2. Suppose b = -5*a - 2*r + 11 + 23, 2*r - 10 = -a. What is the units digit of a?
6
Suppose 0 = 4*p - 46 - 26. Suppose 0 = -5*f + p + 67. What is the units digit of f?
7
Suppose -c + 56 = 4*p, 0*c + 4*c - 81 = -5*p. Suppose 2*y = t - 24, 42 = 2*t - 0*t - y. Suppose -5*v + p = o - 37, 2*v - t = -3*o. What is the tens digit of v?
1
Suppose 107 = g - 3*a + 31, 4*a = -3*g + 189. What is the tens digit of g?
6
Let l be ((-84)/20)/(1/(-5)). What is the tens digit of 2/7 + 246/l?
1
Suppose 0 = 4*i - d - 44, 5*i + 4*d - 7 = 27. What is the units digit of i?
0
Suppose 0 = p - 3 - 0. Suppose 6*b = p*b - 4*l, -1 = -4*b - 5*l. What is the units digit of b?
4
Let m = -26 + 36. Suppose 5*f - 10 = m. What is the units digit of f?
4
Let q(w) = -w**3 + 3*w**2 - 2*w - 2. Suppose 3*f = 12, -6 + 14 = 2*t + f. Let y be q(t). Let x = y - -8. What is the units digit of x?
6
Let r = 278 - 42. What is the hundreds digit of r?
2
Let j(d) = 31*d**3 - 2*d**2 + 1. Let r be j(1). What is the units digit of (-6)/r + (-36)/(-5)?
7
Let s = 3 + -1. Let n be (-7 + 9)*s*1. What is the tens digit of (-9)/(-6) - (-54)/n?
1
Suppose -2*h - f = 3*h + 1, -2 = 2*h + 2*f. Suppose h = -4*w - 1 - 7. What is the tens digit of (-1)/w - 19/(-2)?
1
Suppose -4*r - 5*m + 624 + 255 = 0, 2*m - 1086 = -5*r. Suppose -r + 11 = -5*l. What is the units digit of l?
1
Let n(f) be the second derivative of -2*f**5/5 - f**4/6 + f**2/2 - 3*f. What is the units digit of n(-1)?
7
Let j(i) = i + 3. Let m be j(4). Suppose -m*g = -2*g + 30. What is the units digit of (-4)/(5/(15/g))?
2
What is the tens digit of (-17)/(-34)*95*2?
9
What is the units digit of 1*(-39 - -3)*-1?
6
What is the hundreds digit of 1179/6*10/15?
1
Let g(k) = 8*k - 36. What is the units digit of g(21)?
2
Suppose 4*d - 98 = -4*t + 2*t, -d + 107 = 2*t. What is the units digit of t?
5
Let l = 11 - 0. Let u(g) = -g**2 + 4*g - 4. Let i be u(4). Let n = l + i. What is the units digit of n?
7
Suppose 2*q - 7 = 7. Let a = 14 - q. What is the units digit of a?
7
Let n(o) = -2*o**2 + 3*o - 2. Let y be n(2). Let a be (0 - y/(-2))/(-1). Suppose -2*p + 3*p = a*v + 13, 5*v + 19 = -2*p. What is the units digit of p?
3
Let c be (3 + (-29)/(-3))*-3. Let b = -26 - c. What is the tens digit of b?
1
Let v = 6 + -6. Suppose 4*h = a + 82, -2*h - 4*a - a + 52 = v. What is the units digit of h?
1
Suppose -8*w + 40 = -7*w. What is the tens digit of w?
4
Suppose 0 = -7*i + 2*i. Suppose 0 = -i*n - 3*n + 6. Suppose n*o = -j + 5, -4*j = -j + 3*o - 18. What is the units digit of j?
7
Let h(t) = -17*t + 4. What is the tens digit of h(-2)?
3
Suppose -7*p + 106 = -27. Suppose -7*v = -2*v + 3*g - p, 0 = -5*g - 10. What is the units digit of v?
5
Let g be -4 + ((-66)/5)/((-10)/25). Suppose -3*x + 4*r = 2*x + 110, 0 = -4*x + 5*r - 97. Let a = x + g. What is the units digit of a?
1
Suppose -3 = -4*f + 5*f. Let o be 2 + f + (0 - -3). Suppose 0 = -o*w - 0*w + 8. What is the units digit of w?
4
Let u = -18 - -35. Suppose -20 - u = -b. What is the units digit of b?
7
Suppose u - 489 = -9*l + 7*l, -4*l + 2*u + 982 = 0. What is the tens digit of l?
4
Let u(t) = -t**3 - 8*t**2 - 2*t + 14. What is the tens digit of u(-8)?
3
Let k = 4 + 10. What is the units digit of k?
4
Suppose -4*o = 2*j + 22, 3*o - 2*j + 6 = -0*j. Let k be 2 + (1 - 2) + o. What is the units digit of 3/(-3)*k/1?
3
Suppose 5*t + 2*d - 4 = -0*d, -t + 5*d = 10. Suppose t = 2*k - 4*k + 2. What is the units digit of k?
1
Let b(a) = a - a - 2*a + a**2 + a**3 + 5*a. Let h be b(3). Suppose -2*f + h = 3*f. What is the units digit of f?
9
Let p = 5 + -6. What is the units digit of (0 - -12 - p) + -1?
2
Let x be 1/((-6)/9)*14. Let i = 9 + x. What is the units digit of 0/(1 - 3) - i?
2
Let b be (1 + 1)/(-2) - 2. Let z = 5 + b. Let s(g) = 2*g**3 + 2*g**2 - 2*g - 2. What is the units digit of s(z)?
8
Suppose -4*l + 2*r + 15 = -7, 0 = -l + r + 5. What is the units digit of (-96)/(-10) - l/(-15)?
0
Let q = 13 - -38. What is the units digit of q?
1
Suppose -2*v + 1 + 1 = 4*u, 3*v - 48 = 3*u. What is the units digit of v?
1
Let m(w) = -9*w + 47. What is the tens digit of m(-9)?
2
Suppose -z - 6 + 5 = 0. What is the tens digit of (-2)/z + (5 - -21)?
2
Let o be (-2)/(-4)*(-1 - -9). Let f(z) = z**3 - 5*z**2 + 5*z - 2. What is the units digit of f(o)?
2
What is the units digit of (-6)/(0 + 2) + 45?
2
Let k = 41 + -18. Suppose 3*v + 3*r - 21 = 0, -r = -2*v - 6*r + k. What is the units digit of v?
4
Let p be -2*(0 + -2 + 1). Let j(g) = -p*g - 5 + g + 6. What is the units digit of j(-1)?
2
Let g(d) = -4*d - 6. Let r(q) = -q - 1. Let a(i) = -2*g(i) + 11*r(i). What is the units digit of a(-1)?
4
Let f be 1/(-4) + 4/16. Suppose 0 = 4*x - f*l - 2*l - 4, -2*x + 4*l = 10. What is the units digit of x?
3
Let h be (-16)/(-12) - (-6)/9. Suppose h*g = -y - 0*y + 1, -42 = -2*y + 4*g. What is the tens digit of y?
1
Let o(c) = c**3 - 2*c**2 - 2*c + 4. Suppose 5*a - 15 = -0*a. Let i be o(a). Suppose 4*l = -4*h - 4, -3*l = 2*h + 2*h + i. What is the units digit of l?
3
Let r be 243/(-12) - (-2)/8. Let s = -11 - r. What is the units digit of s?
9
Let r(z) = -5 - 7*z - z + 2*z. Suppose -5*y + 8 = 28. What is the units digit of r(y)?
9
Let n(s) = -s**3 - 3*s**2 + 3*s - 3. Let r be n(-4). Suppose 9 = 5*d - 11. Let t = r + d. What is the units digit of t?
5
Let m be ((-6)/(-8))/((-1)/4). Let o = -3 - m. Suppose -2*g + 29 - 7 = o. What is the units digit of g?
1
Let l(d) = -14*d - 4. Let p be l(-5). Let c be p/12*10*1. Suppose 5*x = c + 50. What is the units digit of x?
1
Suppose 0 = -5*n + 6*w - 4*w - 40, -4*w = -5*n - 30. Let s(u) = -u + 3. What is the units digit of s(n)?
3
Suppose 2*t + 2 = -14. Let b = -14 - -9. Let u = b - t. What is the units digit of u?
3
Let a(b) = -b**2 + 10*b - 8. Let k be (-2 - 19/(-5))*5. What is the units digit of a(k)?
1
Let s(a) = -a. Let q be s(-1). What is the units digit of q*7*(-4)/(-14)?
2
What is the tens digit of (((-116)/6)/(-2) + 3)*6?
7
Suppose 293 = c + 2*c + 4*q, 2*c - 200 = -5*q. What is the units digit of c?
5
Suppose -5*g = 127 + 623. Let y = -16 + 2. What is the units digit of (-14)/(-49) + g/y?
1
Let i(s) = 2*s - 1. What is the units digit of i(3)?
5
Let r be (2*4)/((-18)/(-63)). Let f = 4 + r. What is the tens digit of f?
3
Suppose 28 = 3*r + 5*j - 74, 3*j = 0. Suppose -4*g - r + 194 = 0. What is the tens digit of g?
4
Let i(p) = p**2 + 18*p - 23. What is the tens digit of i(-20)?
1
Suppose -1380 = -3*h - 3*h. What is the hundreds digit of h?
2
Let w(b) = -b**3 - 3*b**2 - b - 3. Let d be w(-3). Let r be (d + 1)*0/(-3). Suppose -2*m + 18 = -r*m. What is the units digit of m?
9
Let z = 69 - 23. What is the units digit of z?
6
Suppose -5*p = -5*k - 177 - 63, 4*k + 63 = p. What is the tens digit of p?
4
Suppose -45 = -i - 2*w, -2*i + 11 = -w - 59. Let q = i - 17. Suppose 0 = -2*d + d + q. What is the units digit of d?
0
Let b be 1/((-1)/(-1)) + 6. Let i(j) = -j + 10. Let d be i(b). Suppose 2*a - d = 3*a, c + 7 = -5*a. What is the units digit of c?
8
Suppose -c + t = -21, -2*t = 2*c - 7 - 19. What is the tens digit of c?
1
Let j = -31 - 5. Let t = -25 - j. What is the tens digit of t?
1
Let g(q) be the second derivative of q**4/12 + q**3/6 + q**2/2 - q. Let m(v) be the first derivative of g(v). What is the units digit of m(2)?
5
Let c be ((-37)/(-1))/(-2 - -1). Let n = 56 + c. What is the units digit of n?
9
Suppose 0*f + 2*f = 96. What is the units digit of (f/18)/(1/3)?
8
Let x(c) be the first derivative of -c**2 - c - 8. Let p = -8 + 5. What is the units digit of x(p)?
5
Let m(l) = 97*l + 3. What is the tens digit of m(1)?
0
Let a(q) = -10*q + 1. Let s(z) = 5*z. Let d(v) = 3*a(v) + 7*s(v). What is the units digit of d(5)?
8
Let p = -97 - -36. Let r = 114 + p. Let g = r + -38. What is the units digit of g?
5
Suppose 5*v - 16 = 3*v. Suppose -3*c - 21 = -3*s, c - 1 = -s + v. Suppose 5*a + s = 6*a. What is the unit